 = -2*m**2 + 3*m + 5. Let p(y) = -y**3 - 5*y**2 + 6*y + 4. Let q = 64 - 70. Let d be p(q). Determine t(d).
-15
Let p(o) = -o**3 - 18*o**2 + 18*o - 15. Let y be p(-19). Suppose -y*d + 3 = -3*d. Let g(z) = 4 + d + 2 - 8 - z**3 + z**2. Give g(0).
1
Suppose 104 = -78*b - 676. Let q(l) = -3*l - 34. Give q(b).
-4
Let a(l) = -2*l**2 + 5*l + 7. Let o(b) = -b**3 - 9*b**2 + 28*b + 71. Let t = 594 + -605. Let p be o(t). Calculate a(p).
-18
Let x(h) = h**3 - 4*h**2 - 4*h + 2. Suppose -10 = 2*b - 20. Let o be x(b). Suppose o + 23 = -6*p. Let l(u) = u**3 + 4*u**2 - 7*u + 2. Determine l(p).
12
Let h(d) = -1749*d + 0*d**3 + 1754*d - d**3 + 6*d**2 + 11. Calculate h(7).
-3
Let b(v) = -18*v - 290. Let u be ((-4160)/(-312))/((-20)/24). Calculate b(u).
-2
Let f(h) = 2*h - 1. Let k(w) = -3*w**2 + 44. Let n(g) = 4*f(g) + k(g). Let v(x) = -2*x**2 + 5*x + 26. Let p(y) = 5*n(y) - 8*v(y). Calculate p(0).
-8
Let d(v) be the second derivative of v**4/12 + v**3/3 + 8*v. Let r(a) = -2*a**3 + 11*a**2 + 67*a - 37. Let b be r(9). What is d(b)?
-1
Let y(p) = 43*p**2 - 7*p + 14. Let t(f) = -408*f**2 + 62*f - 127. Let h(j) = 2*t(j) + 19*y(j). Calculate h(6).
-6
Let p(t) = t**2 - 1. Let c(y) = 3*y**2 - 4*y + 3. Let z(o) = c(o) - 2*p(o). Suppose 13*d - 150 = 71. Suppose 19 = 9*m - d. Determine z(m).
5
Let j(o) = -o**2 - 10*o - 12. Suppose -4*s + 2*s = 5*y, 2*s - y = 12. Suppose -m - 18 = -0*n - s*n, 3*m = n - 26. Give j(m).
4
Let p(q) = -q**3 + 13*q**2 - 13*q + 4. Let b(z) = z**2 - 21*z + 122. Let t be b(7). Suppose -t*r + 37*r = 156. What is p(r)?
-8
Let j(n) = 4*n**2 - 11*n + 3. Let r(c) = -c**2 + c - 1. Let v(k) = j(k) + 5*r(k). Suppose 9*z - 833 = 130. Let w = -110 + z. Give v(w).
7
Let p(l) be the third derivative of -5*l**4/12 + 11*l**3/2 - 6*l**2 + 91. Calculate p(7).
-37
Let w = -3040 + 3033. Let t(f) = f**2 + 3*f + 31. Calculate t(w).
59
Let r(x) = -248 + x - 257 + 734 - 256. Determine r(17).
-10
Let w(n) be the first derivative of -n**4/4 - 2*n**3 - 5. Let t(l) = -l**3 - 2*l**2 + 7*l + 6. Let c be t(-4). Let k be ((-8)/c - -2)/((-14)/70). What is w(k)?
0
Let t(q) be the third derivative of -q**6/60 + q**5/60 + 5*q**4/24 + 2*q**3/3 - 2*q**2 + 12*q. What is t(3)?
-26
Let a = 2393 + -2396. Let z(n) = 4*n**3 + 7*n**2 - n - 5. Let h(i) = i**3 + i**2 - i - 1. Let o(d) = 3*h(d) - z(d). What is o(a)?
-1
Let l(f) = f**3 + 53*f**2 + 365*f + 26. Let d be l(-8). Let v(y) = 2*y**2 + 30*y + 28. Determine v(d).
0
Suppose 81 = 3*h + 42. Suppose 0 = h*t - 7 - 71. Let p(g) = -2*g + 7 + 0 + 0. Give p(t).
-5
Let n = 321 + -134. Suppose -3*k - n = -169. Let i(p) = p**2 + 9*p + 12. Give i(k).
-6
Suppose -3 = -12*o + 54 - 21. Let y(c) = -10*c + 14. Determine y(o).
-16
Let u(g) be the second derivative of 0*g**2 - 31*g + 1/360*g**6 + 0 - 5/6*g**3 - 1/120*g**5 + 0*g**4. Let w(f) be the second derivative of u(f). Calculate w(2).
2
Let p be 5 + 1/(-5) + (-3)/(-15). Let g(l) = -p*l**2 - l**2 - l**3 + 6*l**2 + 3 - l**2 + l. Calculate g(0).
3
Suppose -224*m = 8447 + 2977. Let i be 10*1/(10/52). Let t = m + i. Let k(v) = -9*v**2 + v - 1. What is k(t)?
-9
Let j(d) = d**3 + 23*d**2 - 48*d + 58. Suppose -2892 + 2717 = 7*z. What is j(z)?
8
Suppose 0 = 227*w - 222*w - 30. Let h(g) = -g + 4*g + w + 4*g - 5*g + 8. Determine h(-11).
-8
Let l(g) be the first derivative of g**2/2 + 7*g - 2185. Let i(q) = -q**2 - 3*q - 2. Let t be i(-4). Give l(t).
1
Let v(o) = -3*o + 4*o + 3 + 11 - 2*o. Let z be v(4). Let c(q) = -q + 22 - 9 - z. Determine c(-5).
8
Let i(o) = 23*o - 167. Suppose -2*n - 18 = -4*z, 2330*n = 2334*n - 5*z + 9. Determine i(n).
40
Let k(l) = 13*l - 19. Suppose 26*g + 141 = -67. Let d(q) = -5*q + 6. Let x(v) = g*d(v) - 3*k(v). Determine x(0).
9
Let q be (-357)/(-49) - (-6)/(-21). Suppose -1 = 2*k + q. Let z(u) = -u**2 - 3*u + 2. Determine z(k).
-2
Let v be (-2)/(-6) + 10/15*-686. Let k = v - -460. Let x(q) = -7*q. What is x(k)?
-21
Let f(t) = -t**3 - t. Let y(z) = -2*z**3 + 7*z**2 - 7*z + 9. Let h(m) = -3*f(m) + y(m). Let x = 25713 + -25720. Calculate h(x).
37
Let j(k) = -21*k - 65. Let f be j(-3). Let r be f/(4 + 6 + 168/(-18)). Let b(i) = i - 4. Let z(s) = 2*s - 9. Let v(h) = -5*b(h) + 2*z(h). Calculate v(r).
5
Let h(k) = -3*k**2 + 5*k + 60. Let y(w) = 4*w**2 - 5*w - 88. Let q(r) = -7*h(r) - 5*y(r). What is q(7)?
-1
Let i(t) be the second derivative of -t**5/20 + t**4/4 - t**3/3 - 3*t**2/2 + 1411*t. Determine i(3).
-9
Let w be (-2)/(-3) - (-1)/3. Let b(d) = -d**3 + 6*d**2 - 9*d - 21. Let p be b(-9). Let o(m) = 8*m + 1289*m**2 - 9*m - p*m**2. Give o(w).
13
Let j(w) be the first derivative of -1/3*w**3 - 21*w - 81 + 0*w**2. Let p be (-7)/(-14) - (-1)/(-2). Determine j(p).
-21
Suppose -16 = -i - 2*l - 0*l, i + l = 12. Suppose -12*y = i + 64. Let u(p) = -2*p + 1. Let b(m) = m - 1. Let r(j) = 5*b(j) + 3*u(j). What is r(y)?
4
Let s(v) = 0 + 4 + 5*v**2 + 1 - 4*v**2 - 8*v. Suppose -10 = 4*o - 38. Calculate s(o).
-2
Suppose 14 - 64 = -10*q. Suppose -q*a - 5 = -3*r - 14, 4*r - 3*a + 1 = 0. Let t(d) = -r*d - 2*d + d + 4*d + 4. Give t(8).
12
Let u(z) = -z**3 - 19*z**2 - 18*z + 3. Let q be u(-18). Suppose -q*v = -20 + 14. Let w(y) = y**3 + y**2 - 2*y. What is w(v)?
8
Let c(p) = p**2 + 2*p - 11. Let m = -443 + 448. Let a be 8/(-2)*m/15*3. Give c(a).
-3
Let r(s) = -s**3 + 3*s**2 - 5*s + 5. Suppose 0 = -16*p - 9 - 7. Let t(q) = q**3 - q**2 + q - 2. Let f(n) = p*r(n) - 3*t(n). Give f(-1).
1
Let o(y) = -y**3 + 10*y**2 + 7*y - 64. Let c be o(10). Let z(j) = 0*j + 0*j + 2*j - c*j**2 + 3 + 300*j**3 - 299*j**3. Calculate z(5).
-12
Let u(z) be the third derivative of z**6/120 + 7*z**5/60 + 5*z**4/24 + 4*z**3/3 + 4*z**2. Let g be ((-4)/5)/((-9622)/510 + 19). Calculate u(g).
14
Let j = 4177 + -4172. Let n(m) = 2*m**2 - 9*m - 11. Calculate n(j).
-6
Let j(k) = k. Let q(n) = n**3 + 3*n - 12. Suppose -x = 3*x - 6*x. Let o be q(x). Let u be (68/o - -3 - -3)*3. What is j(u)?
1
Let n(a) = 3*a - 11. Let y(x) = -5*x + 18. Let p be 32/144*4*9. Let z(m) = p*n(m) + 5*y(m). Determine z(9).
-7
Let u(t) be the first derivative of 2*t**2 + 4/3*t**3 - 43 + 3*t - 1/4*t**4. Determine u(5).
-2
Let g(b) be the third derivative of -b**5/20 + b**4/8 - 5*b**3/3 - 3654*b**2. Determine g(3).
-28
Let h(d) = -1805484*d**2 + 4 + 3611028*d**2 - 4*d - 1805543*d**2. Let a = 1 + 1. What is h(a)?
0
Let f be (2 + 2)/(2/(-3)). Let o(x) = 7*x**2 + 6. Let r(b) = 11*b**2 + b + 6. Let u be 14/3 + -4 - (-11)/(-3). Let s(w) = u*o(w) + 2*r(w). What is s(f)?
18
Let d(k) = -3*k - 64. Let u be d(-16). Let q = -11 - u. Let w(i) = 5*i - 3. Calculate w(q).
22
Let b = 9876 - 9884. Let a(p) = 9*p + 56. Give a(b).
-16
Let c(i) be the second derivative of 0*i**2 + 0*i**4 + 0*i**5 - 1/40*i**6 + 15*i + 4/3*i**3 + 0. Let p(q) be the second derivative of c(q). Calculate p(1).
-9
Let z = -11 - -21. Let p(t) = -4*t + 55. Let d(b) = 17*b - 234. Let w(i) = -3*d(i) - 13*p(i). What is w(z)?
-3
Let f(b) = -5550*b + 16648. Let w be f(3). Let d(y) = y**2 + y. Let t(v) = -4*v**2 - 3*v. Let x(l) = -d(l) - t(l). Determine x(w).
8
Let p be (-3)/((-21)/2) - 297/(-63). Suppose -24 = -2*y - 4*t - 6, -p*y + 30 = 5*t. Let b(u) = 4*u - 8*u**3 - 1 - 9*u**3 + 16*u**y. Give b(-3).
14
Let u(d) be the first derivative of d**2 - 15*d + 766. Determine u(23).
31
Let p(x) = -265*x**3 - 24 - 9*x**2 + 15*x + 264*x**3 + 60 + 7 + 0*x. Calculate p(-10).
-7
Suppose 5*r - 14 = v, -2*v - 4*r = -8*r + 4. Let c(d) = 21*d**2 - 2*d + 10. Let h(j) = -25*j**2 + 3*j - 11. Let k(z) = v*c(z) + 5*h(z). Calculate k(-3).
5
Let l(z) = 10*z + 1. Let s(d) = -49*d. Let y(r) = -4*l(r) - s(r). Give y(-6).
-58
Let u = 0 + -1. Let i(m) be the first derivative of -7/2*m**2 - 46 - m. Calculate i(u).
6
Let s be (6/5)/((-2)/(-5))*1. Let p(j) = 2*j**3 + 7 + j - j**2 + 9 - j**s + 1. Determine p(0).
17
Let l(n) = 10*n**2 - 2*n - 1. Let b be 12/30*25/10. Let k be (-8)/(-2)*b*4/(-16). Give l(k).
11
Let f = 4195/2 - 2096. Let l(v) be the second derivative of -1/2*v**3 + 0 + f*v**2 - 28*v. What is l(5)?
-12
Let r be (8*3)/4 - (-5)/((-60)/24). Let o(u) = -102*u + 405. Determine o(r).
-3
Let q(c) be the second derivative of c**5/60 - c**4/12 - 2*c**3/3 - 90*c. Let o(j) be the second derivative of q(j). Give o(2).
2
Let t(h) = -206688 + 413381 + 3*h - 206691. Suppose -2*c = -5*o - c - 35, 10 = 2*c. Calculate t(o).
-16
Let q(v) = 2*v + 8. Let o(f